Calculate m(-5).
-32
Let x(y) be the third derivative of -y**6/720 - y**5/24 - y**4/4 - y**3 + 2*y**2 + 14. Let h(c) be the second derivative of x(c). What is h(-3)?
-2
Let v(f) = f**3 - 3*f**2 - 2*f + 2. Let x be (-144)/(-84) + (-4)/(-14). Suppose -x*s + 6 = -0*s. Suppose -u - k - 1 + 4 = 0, -k = -2*u + s. Determine v(u).
-6
Let a(r) = r**2 + 14*r - 38. Let z(v) = -2*v**2 + 1459 + v**3 - 1459. Let d be z(-2). Let c be a(d). Let g(u) = -u**3 - 7*u**2 - 5*u - 6. Determine g(c).
-12
Let b(n) = -2*n + 1. Suppose -2*y + 3*y - 5 = 0. Suppose y*h - 1 = 4*h. Let i be (2 - 3) + (1 - h). Determine b(i).
3
Let y(v) = 4 - 13*v + 4665*v**2 - 4663*v**2 - 5*v. Give y(7).
-24
Let i(g) = g - 8. Let z(x) = -12*x - 8. Let s be z(-5). Suppose 9*r = 4*r + 15, 5*p = -4*r + s. Determine i(p).
0
Let g(u) = -u**3 + 12*u**2 - 13*u - 5. Suppose d - 5*h + 4 = 0, 4*d - 5*h = -0*d + 29. What is g(d)?
-27
Let f = -90 - -79. Let s(d) = -5*d**2 - 2. Let r(x) = -14*x**2 - 5. Let c(l) = f*s(l) + 4*r(l). Let q(n) = -n**3 - 3*n**2 + n. Let u be q(-3). What is c(u)?
-7
Let j(n) = 4*n + 17. Let h(m) = 99*m - 600. Let p be h(6). What is j(p)?
-7
Let m(c) be the second derivative of 3/2*c**3 - 101*c + 0 - 1/2*c**2. Give m(-2).
-19
Let w be -4 - -1 - ((-5 - -6) + -12). Let u be (-4)/(3 - (0 + w + -3)). Let q(t) = -16*t**3 - 122*t - t**u + 123*t + t**2 + 1. Calculate q(-1).
16
Let q be 648/24 - (-2 - (-1 + -1)). Suppose 7*m - q + 13 = 0. Let l(h) = 7*h**2 - 2*h + 3. Give l(m).
27
Let k(l) be the first derivative of -l**3/3 - 9*l**2/2 + l + 1114. Calculate k(-5).
21
Let h(m) = 6*m - 7. Let b be (4/(-10))/(16/(-80)). Let i be h(b). Let t(r) be the first derivative of r**4/4 - 5*r**3/3 + 2*r + 8. Calculate t(i).
2
Let o(s) be the second derivative of -s**5/20 - 7*s**4/12 - 5*s**3/3 - 11*s**2 - s - 577. Determine o(-6).
2
Let z(w) = 2*w + 5. Let l(u) = -2*u**2 - 95*u - 304. Let v be l(-44). Give z(v).
13
Let t(o) = -5 + 10*o + 8 + 10*o**2 + o**3 + 10. Let u be t(-9). Let s(w) = -1108*w**2 + 3*w - 6 + 2*w + 1107*w**2. Calculate s(u).
-2
Let w(a) be the first derivative of 13*a + 1/2*a**2 + 44. Calculate w(-9).
4
Let w be (10/(-4))/(1/2). Suppose 29 = 6*s + 17. Let j(t) = 10*t - 4 - 12*t - 2*t**s + t - 3*t - 3*t. Calculate j(w).
-19
Let b(g) = 23*g - 57. Let r be b(27). Suppose 563*u = r*u + 4. Let d(x) = 9*x + 5. Let t(c) = -3*c - 2. Let o(w) = 3*d(w) + 8*t(w). Give o(u).
-13
Let b = 5799 - 5800. Let r(v) = 6*v**3 - v**2 + 4*v + 4. Give r(b).
-7
Let c(x) be the second derivative of 2 - 1/20*x**5 - 66*x + 0*x**2 + 1/12*x**4 + 5/6*x**3. What is c(4)?
-28
Let f(s) = -s**3 - 13*s**2 - 39*s + 4. Let y be f(-8). Let a(j) = 6*j - 19. Determine a(y).
-43
Let j(z) = z**3 + 12*z**2 + 12*z + 15. Let o(v) be the second derivative of 2*v**3/3 + 85*v**2/2 - 3*v. Let l be o(-24). What is j(l)?
4
Let t(d) = -21 - 2*d - 12 + 0*d + 24 + 0. Determine t(-7).
5
Let t(b) = -b**3 - 18*b**2 - 20*b + 22. Suppose 262*h - 137*h = 131*h + 102. Calculate t(h).
73
Let d(y) be the third derivative of y**6/120 + y**5/10 + y**4/3 + 7*y**3/6 + 40*y**2 - 3. Let h be ((0 - -5) + -10)*1. Calculate d(h).
-8
Let i(x) = x - 1. Let k(q) = q**2 - q + 3. Let n = 1 + -5. Suppose 0 = -2*l - 5*h - 12, 4*l + 0*l = -3*h - 10. Let z(b) = l*k(b) + n*i(b). Determine z(-5).
-9
Let j(a) = -29 - 3716*a + 1238*a + 1244*a + 1238*a. What is j(9)?
7
Suppose -g + s = -72, -3*s - 148 = -2*g - 2*s. Suppose 65*z + g = 46*z. Let n(w) = -w + 3. Determine n(z).
7
Suppose -278 = 15*j - 188. Let x(q) = -q**3 - 4*q**2 + 11*q + 19. Determine x(j).
25
Let g = -180 - -182. Let o(m) = -3*m**g + 0*m**2 + m**3 - 2*m + m**2 + m. What is o(2)?
-2
Let r(x) = x**3 - 6*x**2 + 12*x - 72. Let b be r(6). Let o(k) = k**3 - 2*k - 13. Give o(b).
-13
Let l be 6*((-3)/1 - 0). Let q be 20/(-14)*63/l. Suppose 0*x + 20 = -4*x + q*v, -2*x - 2*v = -8. Let h(d) = -d + 5. Determine h(x).
5
Let w(i) = -38*i - 8. Let q(y) = -313*y - 66. Let s(b) = -3*q(b) + 25*w(b). Calculate s(1).
-13
Let o(c) = -c**3 - 29*c**2 - 28*c - 26. Let t = -5920 + 5892. Determine o(t).
-26
Let u(c) = -c**3 + 9*c**2 - 7*c - 2. Suppose 50*w + 2634 = 56*w. Let m = 447 - w. Give u(m).
6
Let a(l) = 5*l + 2. Suppose -23*i - 3960 = -3*i. Let v = 201 + i. Calculate a(v).
17
Let w(q) = 106*q**2 - 5 + 12*q - 72*q**2 - 31*q**2. Calculate w(-5).
10
Let o(m) = -13*m**2 - 65*m + 15. Let k(q) = 16*q**2 + 65*q - 11. Let g(l) = 3*k(l) + 2*o(l). Determine g(-3).
0
Let b(p) = p**2 - 2*p + 20. Let r be b(-7). Suppose -5*g + 13 = r. Let t be (g/(-35))/(2/(-5)). Let m(c) = -17*c + 1. Give m(t).
18
Let r = 22394 + -22400. Let y(t) be the second derivative of -t**4/12 - 4*t**3/3 - 2*t**2 + 2*t. Calculate y(r).
8
Let r(v) be the third derivative of v**5/30 + v**4/12 - v**3/6 + 13*v**2. Suppose 0 = 3*f - 5*h - 16, 2*h - 22 = 5*f - 36. What is r(f)?
11
Suppose -5*g + 4*h - 21 = 0, 4*g - 2*h = -3*h - 21. Let v = g - -3. Let f(k) be the first derivative of -2*k**3/3 + k**2 + 2*k + 36515. Calculate f(v).
-10
Let j(n) = n**3 - 5*n**2 + n - 3. Suppose -7 + 4 = -3*k - 3*q, 5*k - 21 = 3*q. Suppose 95 = 4*a - k*d, 2*d = -4*a - d + 89. Let o = -18 + a. Give j(o).
2
Let w(z) = 2*z + 20*z**3 - 130*z**2 - 199 + 139 - z - 18*z**3. Calculate w(65).
5
Let i(m) = -m. Let w(v) be the third derivative of -v**5/60 + v**4/12 - v**3/6 - 15*v**2. Let z(t) = 3*i(t) + w(t). Suppose 9 - 5 = 2*o. Give z(o).
-7
Let o(u) = -2*u - 4*u + 2*u**2 + 385 - 191 - 191 + 7*u. What is o(-2)?
9
Let t(d) = -d**3 + 3*d**2 - 1. Let n(m) = m**2 - m + 1. Let h(g) = -n(g) - t(g). Let x be (-4)/16 + 1/4. Let b be (x - -4)*(-9)/(-18). Calculate h(b).
-6
Let c(p) = -8*p - 68. Let y(q) = 7*q + 20. Let g(m) = 6*m + 19. Let d(u) = 5*g(u) - 4*y(u). Let l(a) = 2*c(a) + 9*d(a). What is l(2)?
3
Let f(q) = 8*q**3 - 3*q**2 + 3*q - 3. Let r be (-16)/10*-6*(-65)/(-312). Give f(r).
55
Let f(l) = l**2 + 4*l - 8. Let p be (-1 + 50/30)*(66 - 0). Let r = 37 - p. Determine f(r).
13
Let p(b) = -8*b**3 + 2*b**2 + 2*b + 1. Let v = -33 + 31. Let d be (2*(-3)/(-12))/(1/v). What is p(d)?
9
Let f(k) be the third derivative of 1/60*k**5 + 0*k - 7/24*k**4 + 3/2*k**3 + 0 - 154*k**2. Calculate f(2).
-1
Suppose -4*i = -f, 9 = -4*i - 3. Let s(y) = 16 + 67592*y + 6*y**2 - 67577*y - 5*y**2. Give s(f).
-20
Let j(x) = -x**2 + 4. Let y(l) = 9*l - 77. Let r be y(9). Suppose 20 = -5*t, -2*u + 6*t + 2 = r*t. Give j(u).
-5
Let b(v) = -v**2 - 4*v - 3. Let n be 27 - (-3 - (-72)/9). Suppose 7*t = -34 - n. Calculate b(t).
-35
Let i(b) = b**2 - 4*b - 18. Let x = 1525 + -1520. Determine i(x).
-13
Suppose 168 = 268*w - 292*w. Let i(t) = 22*t + 147. Determine i(w).
-7
Let m(c) = -2*c + 1. Suppose -10*d + 27*d = 1768. Suppose -d*p = -100*p - 16. Give m(p).
-7
Suppose 3*p - 5 = -17. Let u(t) = 145*t + 71. Let i(y) = 68*y + 33. Let a(k) = 13*i(k) - 6*u(k). Determine a(p).
-53
Let t(j) = 71*j**2 + 6*j - 15. Let q(f) = 462*f**2 + 36*f - 89. Let s(c) = -2*q(c) + 13*t(c). Determine s(2).
-9
Suppose 0 = -16*k + 135 + 489. Let h(s) = -7 - 45*s - k*s + 80*s. Give h(-6).
17
Suppose 2*p + 4*p - 282 = 0. Let z(a) = 22 + 3*a - 2*a + 24 - p. Give z(-3).
-4
Let q(f) = f - 1. Suppose -335 = 3*s - 50. Let n = s - -96. Let j(k) = k + 1. Let r(m) = n*j(m) + 2*q(m). What is r(2)?
5
Let y = -16228 + 16232. Let x(t) be the second derivative of 0 - 1/2*t**2 - 7/12*t**y + 28*t - 1/3*t**3. Calculate x(-1).
-6
Let f be (85/2 - 1)/((-11)/(-22)). Suppose 11*c + 6 = f. Let t(o) = 6*o - 3*o + c - 7*o. Give t(6).
-17
Let r(s) = -22*s + 354. Let w be r(16). Let j(c) be the third derivative of 24*c**w - 3/2*c**3 + 1/24*c**4 + 0*c + 0. Give j(6).
-3
Let s(n) = -80*n + 4 - n**3 - 2*n**2 - 3 + 82*n. Suppose 0 = 2*w + 6*w. Let z(k) = -4*k - 3. Let g be z(w). Give s(g).
4
Let t(g) = 1 - 29*g + 18*g - g**2 + 9*g. Suppose -8*z + 3*z - o - 16 = 0, 5*o - 4 = -4*z. What is t(z)?
-7
Let c(z) = z**2 + 7*z - 11. Let j(g) = 30*g - 64*g + 32*g + 2 + 14. Let o be j(12). Give c(o).
-3
Let z = 12143 - 12133. Let m(d) = d**3 - 12*d**2 + 18*d + 15. Give m(z).
-5
Suppose 0 = 5*j - 0 + 25. Let x(m) = 2*m - 14 - 8 - 4 + 27. What is x(j)?
-9
Let o(y) be the first derivative of -y**2/2 - 4*y + 6488. Give o(-9).
5
Let p(o) = -4*o**3 + 2*o + 1. Let d be p(-1). Let w(z) = 10*z**2 - 16*z + 12. Let j(b) = -3*b**2 + 5*b - 4. Let c(k) = -7*j(k) - 2*w(k). Determine c(d).
4
Let c(v) = -99